hat are the prime factors of 1635006854?
2, 13, 62884879
What are the prime factors of 72738811?
23, 3162557
What are the prime factors of 1213862919?
3, 67, 149, 40531
What are the prime factors of 956986884?
2, 3, 7, 3797567
What are the prime factors of 46961941?
13, 3612457
List the prime factors of 129373030.
2, 5, 641, 20183
List the prime factors of 89165850.
2, 3, 5, 17, 73, 479
What are the prime factors of 1620724599?
3, 13, 607, 7607
What are the prime factors of 93173856?
2, 3, 970561
What are the prime factors of 1842276726?
2, 3, 383, 267229
What are the prime factors of 1878069645?
3, 5, 17, 272777
List the prime factors of 145636209.
3, 53, 211, 1447
What are the prime factors of 224579103?
3, 7, 29, 139, 379
List the prime factors of 58861832.
2, 7357729
What are the prime factors of 3411910982?
2, 17, 131, 743, 1031
What are the prime factors of 172654375?
5, 276247
What are the prime factors of 4266096?
2, 3, 31, 47, 61
List the prime factors of 1329488894.
2, 664744447
What are the prime factors of 398641649?
7, 61, 307, 3041
What are the prime factors of 1359230471?
23, 79, 761, 983
List the prime factors of 145655697.
3, 11, 79, 55871
What are the prime factors of 3813787997?
3813787997
What are the prime factors of 39911980?
2, 5, 331, 6029
What are the prime factors of 69217746?
2, 3, 13, 47, 79, 239
What are the prime factors of 75125661?
3, 13, 1926299
List the prime factors of 57666824.
2, 19, 379387
What are the prime factors of 2263659?
3, 83, 9091
List the prime factors of 5636958.
2, 3, 19, 197, 251
List the prime factors of 3033794.
2, 1516897
List the prime factors of 1007290886.
2, 7, 37, 1944577
What are the prime factors of 3228136869?
3, 73, 14740351
What are the prime factors of 445096249?
13, 167, 205019
List the prime factors of 21358835.
5, 23, 79, 2351
What are the prime factors of 105008033?
13, 8077541
List the prime factors of 222461067.
3, 1489, 49801
List the prime factors of 650626249.
7, 13, 43, 166273
List the prime factors of 39046496.
2, 1220203
List the prime factors of 77506925.
5, 3100277
List the prime factors of 78267249.
3, 1091, 2657
List the prime factors of 119407957.
101, 307, 3851
List the prime factors of 5511610691.
1151, 4788541
What are the prime factors of 12097720?
2, 5, 302443
List the prime factors of 58127497.
58127497
List the prime factors of 1033445352.
2, 3, 43060223
List the prime factors of 114520763.
7, 16360109
List the prime factors of 1012955.
5, 202591
List the prime factors of 8491628.
2, 547, 3881
List the prime factors of 1774116167.
2927, 606121
List the prime factors of 1520718344.
2, 257, 739649
List the prime factors of 31367703.
3, 17, 615053
What are the prime factors of 23874551?
23874551
List the prime factors of 1416110890.
2, 5, 29, 41, 119101
List the prime factors of 88578066.
2, 3, 14763011
What are the prime factors of 5436174508?
2, 31, 43840117
What are the prime factors of 1556744654?
2, 17011, 45757
What are the prime factors of 145191937?
11, 13199267
List the prime factors of 1084664725.
5, 43386589
What are the prime factors of 144388421?
31, 4657691
What are the prime factors of 728822055?
3, 5, 13, 29, 359
List the prime factors of 1228900088.
2, 13, 19, 621913
List the prime factors of 61726667.
61726667
What are the prime factors of 363075847?
363075847
List the prime factors of 3599495617.
829, 4341973
What are the prime factors of 2863944666?
2, 3, 11, 107, 135181
What are the prime factors of 86561121?
3, 23, 137, 9157
List the prime factors of 127269545.
5, 13, 29, 107, 631
What are the prime factors of 37118597?
37118597
What are the prime factors of 279767623?
17, 359, 45841
List the prime factors of 34755911.
43, 233, 3469
What are the prime factors of 1280900011?
6079, 210709
What are the prime factors of 14340264?
2, 3, 47, 12713
What are the prime factors of 25939924?
2, 6484981
What are the prime factors of 1363190666?
2, 681595333
What are the prime factors of 85346180?
2, 5, 1031, 4139
What are the prime factors of 80021097?
3, 13, 223, 3067
What are the prime factors of 77675605?
5, 7, 307, 7229
List the prime factors of 396663956.
2, 13, 45137
What are the prime factors of 2686365068?
2, 211, 313, 10169
What are the prime factors of 37953840?
2, 3, 5, 158141
List the prime factors of 617285420.
2, 5, 30864271
What are the prime factors of 7580310?
2, 3, 5, 29, 8713
What are the prime factors of 572062497?
3, 29, 43, 5273
What are the prime factors of 1964754573?
3, 53, 12356947
List the prime factors of 477956912.
2, 47, 13523
List the prime factors of 44418579.
3, 14806193
What are the prime factors of 248393958?
2, 3, 41398993
List the prime factors of 65466816.
2, 3, 349, 977
What are the prime factors of 8176710?
2, 3, 5, 191, 1427
List the prime factors of 425823074.
2, 212911537
What are the prime factors of 661500728?
2, 7, 11812513
What are the prime factors of 30133758?
2, 3, 17, 295429
What are the prime factors of 147968237?
29, 5102353
List the prime factors of 19762144.
2, 37, 16691
What are the prime factors of 1318541196?
2, 3, 7, 47, 47711
List the prime factors of 69693794.
2, 4079, 8543
What are the prime factors of 570425709?
3, 7, 3880447
List the prime factors of 70942385.
5, 14188477
List the prime factors of 125864544.
2, 3, 13, 100853
What are the prime factors of 5880414954?
2, 3, 17, 57651127
List the prime factors of 27344420.
2, 5, 19, 227, 317
List the prime factors of 557416710.
2, 3, 5, 47, 131777
What are the prime factors of 1476886127?
43, 269, 127681
List the prime factors of 36138411.
3, 4015379
What are the prime factors of 28543811?
3467, 8233
List the prime factors of 33507931.
31, 1080901
What are the prime factors of 107725873?
821, 131213
List the prime factors of 5876422.
2, 31, 94781
What are the prime factors of 1135699162?
2, 13, 43680737
What are the prime factors of 21739293?
3, 805159
List the prime factors of 30382226.
2, 7, 2170159
What are the prime factors of 31355234?
2, 89, 176153
List the prime factors of 37705780.
2, 5, 7, 269327
What are the prime factors of 2250418027?
11, 13, 17, 71209
List the prime factors of 5536779257.
5536779257
List the prime factors of 828844460.
2, 5, 541, 76603
List the prime factors of 1116014097.
3, 11, 3074419
List the prime factors of 6402228181.
23, 29, 9598543
List the prime factors of 21208042.
2, 107, 99103
What are the prime factors of 662527069?
29, 37, 617453
List the prime factors of 38246907.
3, 23, 554303
List the prime factors of 26926195.
5, 37, 145547
What are the prime factors of 501861160?
2, 5, 83, 151163
List the prime factors of 75550137.
3, 13, 19, 101957
List the prime factors of 64715943.
3, 431, 50051
List the prime factors of 229228539.
3, 31, 2464823
List the prime factors of 72681507.
3, 2137, 3779
List the prime factors of 132840629.
1523, 87223
What are the prime factors of 115581601?
23, 47, 106921
List the prime factors of 12665373.
3, 7, 29, 2971
What are the prime factors of 65611655?
5, 19, 31, 22279
List the prime factors of 24959844.
2, 3, 7, 13, 19, 401
What are the prime factors of 1750379720?
2, 5, 37, 1182689
List the prime factors of 517545377.
43, 12035939
What are the prime factors of 7640339?
7, 1091477
List the prime factors of 145591895.
5, 619, 47041
What are the prime factors of 2329070604?
2, 3, 7, 1721, 16111
List the prime factors of 1138925562.
2, 3, 189820927
List the prime factors of 180303296.
2, 2817239
List the prime factors of 198144360.
2, 3, 5, 271, 677
What are the prime factors of 2172731303?
2172731303
What are the prime factors of 143311332?
2, 3, 2389, 4999
What are the prime factors of 599758315?
5, 13, 9227051
What are the prime factors of 518778150?
2, 3, 5, 11, 59, 73
List the prime factors of 47727726.
2, 3, 7954621
List the prime factors of 6727309173.
3, 13, 17, 457, 2467
List the prime factors of 2794901505.
3, 5, 11, 163, 103919
List the prime factors of 2322430128.
2, 3, 457, 35291
List the prime factors of 1061528062.
2, 7, 19, 23, 3541
What are the prime factors of 126655545?
3, 5, 8443703
List the prime factors of 57913659.
3, 131, 49121
List the prime factors of 39477791.
17, 47, 49409
What are the prime factors of 65557965?
3, 5, 11, 83, 4787
What ar